at is the greatest common divisor of 1026 and 138206?
38
Calculate the highest common factor of 1239 and 30093.
21
What is the highest common divisor of 155 and 44547?
31
What is the highest common divisor of 2521415 and 130?
65
What is the greatest common divisor of 3696 and 984?
24
What is the highest common factor of 2110 and 18250?
10
What is the greatest common divisor of 116701 and 705?
47
What is the highest common factor of 51429 and 79?
79
Calculate the highest common factor of 5120 and 3660.
20
Calculate the highest common factor of 381060 and 1260.
180
Calculate the highest common factor of 52 and 18412.
4
Calculate the highest common factor of 2268 and 71232.
84
What is the highest common divisor of 2382 and 582399?
1191
Calculate the highest common divisor of 21 and 161655.
3
What is the greatest common factor of 50142 and 976?
122
Calculate the greatest common factor of 4032 and 5472.
288
What is the greatest common factor of 92142 and 2682?
18
What is the highest common divisor of 32 and 71648?
32
Calculate the highest common factor of 128163 and 714.
357
What is the highest common divisor of 2864 and 397022?
358
What is the greatest common factor of 3 and 24861?
3
What is the highest common divisor of 162 and 2502?
18
Calculate the highest common divisor of 10 and 95240.
10
Calculate the greatest common factor of 292695 and 12597.
741
Calculate the greatest common divisor of 897 and 53898.
39
Calculate the greatest common divisor of 613853 and 68.
17
What is the highest common divisor of 11 and 33209?
11
What is the highest common divisor of 10013 and 1729?
19
Calculate the greatest common divisor of 125164 and 87.
29
What is the highest common factor of 110 and 53570?
110
Calculate the highest common factor of 2740 and 39020.
20
What is the highest common factor of 504 and 131304?
24
What is the highest common factor of 10088 and 1691001?
1261
Calculate the greatest common factor of 1035 and 15255.
45
Calculate the greatest common factor of 345 and 6720.
15
What is the highest common factor of 24603 and 118?
59
What is the highest common divisor of 48 and 8560?
16
What is the greatest common factor of 6951904 and 3392?
1696
Calculate the greatest common factor of 36801 and 3384.
423
What is the greatest common divisor of 756 and 2738421?
189
Calculate the greatest common divisor of 641005 and 10.
5
Calculate the greatest common divisor of 255 and 148440.
15
What is the greatest common divisor of 18 and 7461?
9
Calculate the greatest common divisor of 3390 and 28200.
30
What is the greatest common factor of 8920544 and 32?
32
Calculate the highest common factor of 1807 and 5577.
13
Calculate the highest common factor of 33 and 8130672.
33
What is the greatest common factor of 6024 and 33?
3
What is the highest common factor of 71 and 10640486?
71
Calculate the greatest common factor of 5330 and 93470.
130
Calculate the greatest common divisor of 168518 and 7.
7
Calculate the greatest common divisor of 124 and 139.
1
What is the greatest common factor of 29 and 6821?
1
Calculate the greatest common factor of 426 and 13774.
142
Calculate the highest common divisor of 19182 and 8142.
138
Calculate the highest common divisor of 27547 and 3749.
163
Calculate the highest common divisor of 1125 and 3855.
15
What is the highest common divisor of 20 and 4329?
1
Calculate the greatest common factor of 7 and 293209.
7
Calculate the greatest common divisor of 2172 and 320732.
724
What is the highest common factor of 1744217 and 799?
799
Calculate the highest common factor of 85791 and 9.
3
What is the greatest common divisor of 656310 and 28390?
1670
Calculate the greatest common factor of 409 and 152557.
409
Calculate the highest common factor of 468 and 661401.
117
Calculate the highest common divisor of 16170 and 7920.
330
What is the highest common factor of 78975 and 117?
117
What is the highest common divisor of 338550 and 450?
150
Calculate the highest common factor of 252 and 99204.
84
What is the greatest common divisor of 340 and 32130?
170
Calculate the greatest common factor of 677921 and 2319.
773
What is the greatest common factor of 2334008 and 48?
8
What is the greatest common divisor of 1122 and 55?
11
What is the highest common factor of 89425 and 73?
73
What is the highest common divisor of 16 and 16712?
8
What is the highest common factor of 21 and 32557?
7
What is the highest common factor of 690 and 4260?
30
Calculate the greatest common divisor of 153199 and 717.
239
What is the greatest common divisor of 430 and 377110?
430
Calculate the greatest common factor of 21 and 972.
3
What is the greatest common factor of 3585 and 76002?
717
Calculate the greatest common factor of 80 and 64140.
20
What is the highest common factor of 85 and 305715?
5
Calculate the highest common factor of 1 and 7793.
1
Calculate the highest common divisor of 7130 and 372.
62
What is the greatest common factor of 19710810 and 1890?
1890
What is the greatest common factor of 745 and 2031317?
149
Calculate the greatest common factor of 75 and 184750.
25
What is the greatest common factor of 55627 and 429?
143
What is the highest common factor of 30 and 121810?
10
What is the highest common factor of 480 and 320480?
160
What is the highest common factor of 160 and 1948460?
20
Calculate the greatest common divisor of 1708 and 4676.
28
What is the highest common divisor of 124205 and 5?
5
Calculate the greatest common divisor of 2365 and 2881.
43
What is the highest common factor of 237 and 135327?
237
What is the greatest common factor of 37563 and 13623?
57
Calculate the highest common divisor of 1450 and 5626.
58
What is the greatest common divisor of 12501 and 3?
3
Calculate the greatest common divisor of 280 and 2880.
40
What is the greatest common factor of 2323612 and 214?
214
What is the greatest common factor of 155 and 3224?
31
What is the highest common divisor of 2587 and 24278?
199
Calculate the greatest common factor of 1326 and 12870819.
663
What is the greatest common factor of 78160 and 32?
16
Calculate the greatest common divisor of 2961 and 2006242.
329
Calculate the highest common factor of 57768 and 276.
12
What is the greatest common divisor of 154 and 132874?
14
What is the highest common factor of 212 and 6307318?
106
Calculate the highest common divisor of 15248 and 1088.
16
Calculate the highest common factor of 161 and 189.
7
Calculate the highest common factor of 460693 and 152.
19
Calculate the greatest common factor of 57736 and 112.
56
What is the highest common divisor of 51750 and 900?
450
Calculate the highest common factor of 154 and 714.
14
What is the highest common factor of 13902 and 7?
7
What is the greatest common factor of 6615 and 36585?
135
Calculate the greatest common factor of 2873 and 5967.
221
Calculate the greatest common divisor of 1149 and 9149487.
1149
What is the greatest common factor of 1087175 and 25?
25
Calculate the greatest common factor of 624 and 74100.
156
Calculate the greatest common factor of 6350 and 12150.
50
Calculate the highest common factor of 6790 and 1456.
14
Calculate the greatest common divisor of 1442162 and 244.
122
What is the greatest common divisor of 10380 and 50343?
519
What is the highest common factor of 413 and 1435?
7
Calculate the highest common divisor of 224 and 555884.
28
Calculate the greatest common divisor of 57 and 127851.
57
Calculate the highest common factor of 35294 and 112.
14
Calculate the highest common divisor of 588 and 384.
12
What is the highest common factor of 21395 and 2334?
389
Calculate the greatest common factor of 7937 and 10.
1
Calculate the greatest common divisor of 479093 and 2908.
727
Calculate the highest common divisor of 897 and 7383.
69
Calculate the highest common factor of 2213526 and 882.
294
What is the greatest common factor of 16 and 2953776?
16
Calculate the greatest common factor of 448676 and 6244.
892
What is the greatest common factor of 360 and 2628360?
360
Calculate the highest common factor of 30 and 878595.
15
Calculate the highest common factor of 275 and 319.
11
What is the highest common factor of 664206 and 1488?
186
Calculate the greatest common divisor of 120 and 10910.
10
Calculate the highest common